ivisor of 143849 and 7?
1
What is the greatest common factor of 37716 and 119656704?
5388
Calculate the highest common divisor of 6056673 and 21.
21
What is the highest common divisor of 2618 and 14294?
14
What is the greatest common factor of 32591 and 564369?
13
What is the highest common divisor of 1880 and 8725832?
376
Calculate the highest common divisor of 47125 and 11029135.
1885
What is the greatest common divisor of 960908914 and 98?
98
What is the greatest common divisor of 321 and 412593?
3
What is the highest common divisor of 1830 and 293597270?
610
What is the greatest common factor of 6 and 14040885?
3
What is the greatest common factor of 3240588 and 832?
52
What is the greatest common divisor of 2382588 and 234?
234
What is the highest common factor of 347646 and 23514?
6
Calculate the greatest common divisor of 26730 and 72966.
6
Calculate the greatest common factor of 171267892 and 316.
316
What is the greatest common divisor of 9742423 and 1858?
929
Calculate the greatest common factor of 15 and 175398835.
5
What is the highest common divisor of 213567404 and 16476?
5492
Calculate the highest common divisor of 9342864 and 178.
178
What is the greatest common divisor of 11273525 and 5160?
215
Calculate the highest common divisor of 363164880 and 8160.
4080
Calculate the highest common factor of 45621 and 60802655.
5069
What is the highest common factor of 2403117 and 15207?
411
What is the highest common factor of 1986667 and 726211?
1811
Calculate the greatest common factor of 7378 and 154566.
62
Calculate the greatest common factor of 1954 and 1647409584.
1954
Calculate the highest common factor of 838643 and 1469186.
2081
What is the highest common factor of 3755 and 13435?
5
Calculate the highest common divisor of 544 and 11055032.
136
Calculate the greatest common factor of 448 and 55979392.
448
What is the greatest common divisor of 118 and 66840215?
59
What is the highest common divisor of 55378642 and 66?
22
What is the greatest common divisor of 1325272 and 5304?
104
Calculate the highest common divisor of 106401347 and 15496.
1937
What is the greatest common factor of 637 and 1193803?
13
What is the greatest common divisor of 49235522 and 14?
14
What is the greatest common factor of 320 and 5450560?
320
What is the highest common factor of 661513440 and 28?
28
Calculate the greatest common factor of 450 and 111721968.
18
What is the highest common factor of 5622281 and 187859?
329
Calculate the highest common divisor of 9075 and 2362168050.
9075
Calculate the highest common divisor of 92559441 and 1989.
663
What is the greatest common divisor of 1257 and 148982573?
419
Calculate the highest common divisor of 12 and 42305262.
6
What is the greatest common factor of 21693 and 987?
21
Calculate the highest common factor of 25200 and 14422968.
504
What is the greatest common divisor of 531557632 and 60032?
8576
Calculate the highest common factor of 40 and 23510840.
40
Calculate the greatest common divisor of 509984 and 512.
32
What is the greatest common divisor of 954419346 and 2556?
1278
Calculate the highest common factor of 7168 and 319655168.
1792
Calculate the highest common factor of 6 and 220551.
3
What is the highest common factor of 115 and 216936230?
115
Calculate the highest common divisor of 3606126 and 24.
6
Calculate the highest common divisor of 2382 and 14812467.
1191
What is the highest common divisor of 69713 and 35903?
161
Calculate the greatest common factor of 286 and 2194270.
26
Calculate the highest common divisor of 147518 and 15604526.
3598
Calculate the highest common factor of 775008 and 216060.
156
What is the highest common factor of 62495 and 36250?
145
What is the highest common factor of 70655484 and 406?
58
What is the highest common factor of 38818 and 24856?
26
What is the greatest common divisor of 2894 and 29120875?
1447
Calculate the highest common divisor of 679899 and 66.
33
Calculate the greatest common divisor of 20784 and 68788112.
6928
What is the greatest common divisor of 1687614 and 31974?
438
Calculate the greatest common factor of 1066 and 17997278.
1066
Calculate the greatest common factor of 6610 and 7831528.
1322
What is the highest common divisor of 715919240 and 665?
95
What is the greatest common factor of 80 and 22910384?
16
What is the greatest common divisor of 24340 and 53005?
5
What is the greatest common divisor of 13778 and 17140?
2
What is the highest common factor of 1415721 and 27?
3
What is the highest common divisor of 8786323 and 91?
91
What is the highest common divisor of 6068 and 543332?
164
What is the highest common divisor of 612 and 349248?
204
What is the highest common divisor of 3238920036 and 17?
17
What is the greatest common factor of 12419766 and 1773?
9
Calculate the highest common factor of 274142376 and 8.
8
Calculate the greatest common divisor of 623 and 154949.
89
Calculate the highest common divisor of 12217 and 2805409.
643
Calculate the highest common factor of 16505215 and 10.
5
What is the greatest common factor of 187 and 11034705?
11
Calculate the highest common factor of 13812914 and 111.
37
What is the highest common divisor of 912965 and 10?
5
Calculate the greatest common divisor of 1139226 and 1881.
33
What is the greatest common factor of 19554834 and 3?
3
Calculate the highest common divisor of 10 and 1806845.
5
What is the highest common factor of 49177191 and 168?
21
What is the highest common divisor of 12 and 15476268?
12
Calculate the highest common factor of 66350172 and 186.
6
What is the highest common divisor of 935 and 882773705?
935
Calculate the highest common factor of 607918641 and 1899.
633
What is the greatest common factor of 1072208700 and 100?
100
What is the highest common factor of 39920244 and 166244?
7228
What is the highest common factor of 154791 and 49413?
273
What is the highest common factor of 687 and 435415791?
687
What is the highest common divisor of 4815129 and 792?
33
What is the highest common divisor of 66472 and 10127484?
4748
Calculate the highest common divisor of 168787 and 4026.
61
Calculate the greatest common factor of 18 and 2932973.
1
What is the highest common factor of 105213656 and 56?
8
Calculate the greatest common factor of 5635 and 970715.
115
Calculate the greatest common divisor of 1370945 and 13.
1
Calculate the greatest common factor of 2276850 and 332390.
430
Calculate the highest common factor of 2702 and 9058.
14
What is the highest common divisor of 10746 and 1670804?
398
What is the greatest common factor of 28797463 and 178?
89
What is the highest common divisor of 3666 and 2528960772?
3666
Calculate the greatest common divisor of 5884004 and 126.
14
What is the highest common divisor of 294 and 286278?
6
What is the greatest common factor of 4255482 and 274134?
2562
Calculate the highest common factor of 1896307 and 570472.
427
Calculate the greatest common divisor of 77189248 and 2176.
2176
What is the highest common factor of 139597039 and 29?
29
What is the greatest common divisor of 105789861 and 9?
9
What is the greatest common factor of 110 and 3450890?
10
Calculate the greatest common factor of 26528 and 64208.
16
Calculate the highest common factor of 187198 and 37319.
67
What is the highest common divisor of 907219 and 332454?
827
What is the greatest common divisor of 3328 and 575900?
52
Calculate the highest common factor of 29941405 and 2405.
65
What is the highest common divisor of 88525 and 15050?
25
What is the highest common divisor of 771 and 10731549?
771
Calculate the highest common divisor of 64649 and 325.
13
Calculate the highest common factor of 474 and 923747.
79
What is the greatest common factor of 136 and 19354534?
34
Calculate the greatest common factor of 1411134 and 86220.
2874
Calculate the highest common factor of 20129329 and 671.
671
Calculate the highest common factor of 119516 and 20.
4
Calculate the greatest common factor of 16 and 1517752.
8
Calculate the greatest common factor of 46266 and 23826.
66
What is the highest common divisor of 3 and 88982454?
3
What is the highest common divisor of 228 and 91819191?
57
Calculate the greatest common divisor of 187 and 704374.
11
Calculate the greatest common divisor of 